33. Let x(n) = n + 6. Let l be x(d). Suppose -3*w + 4*w = 3*j - l, 2*j - 2*w - 6 = 0. What is the units digit of j?
5
What is the units digit of (2/((-16)/94))/(70/(-560))?
4
Let i = 38 + -14. Let j = i - 11. What is the units digit of j?
3
Let c = -127 + 131. What is the units digit of c?
4
Suppose -n - n + 30 = p, 5*p + 2*n - 110 = 0. What is the tens digit of p?
2
Let h be (-69)/6 - (-2)/(-4). Let q = h + 7. Let m = q + 7. What is the units digit of m?
2
Suppose -2*u = -u + 9. Let k = 13 + u. What is the units digit of k?
4
Let s be ((-4)/8)/((-1)/72). Suppose 0*y + 3*k = 3*y - s, 0 = -y + 5*k - 4. What is the units digit of (-60)/y*(-32)/6?
0
Suppose 13*q + 168 = 17*q. What is the tens digit of q?
4
Suppose 7*m = 19 + 37. What is the units digit of m?
8
Let q be 1*(1 + 1 + 3). Suppose -2*n + 33 = 2*p + 3*p, -q*p + 29 = n. What is the units digit of p?
5
Let p = 7 - 8. Let m(x) = 13*x**2 + 4*x + 1. Let j(r) = -25*r**2 - 7*r - 2. Let y(k) = -3*j(k) - 5*m(k). What is the units digit of y(p)?
0
Let s(g) = -g - 1. Let m(z) = -z + 3. Let c be m(6). What is the units digit of s(c)?
2
Let c(b) = -b**2 - 7*b. Let s be c(-6). Suppose -s*o + 2*o = -148. What is the tens digit of o?
3
What is the units digit of 1/(-4*2/(-72))?
9
Let v(f) = -2*f - 2 + 0 + 2*f - 2*f. Let i be v(-4). Suppose 0 = -2*l + 4*a + 26, i*a = 5*l + a - 50. What is the units digit of l?
7
Suppose -100 = 4*f + f - 5*q, 2*q + 56 = -2*f. What is the units digit of 1*(-1 + -2) - f?
1
Let a(h) = -h**2 + 16*h - 2. What is the units digit of a(10)?
8
Suppose -75 = -5*i + 5*k, 0*i + 46 = 3*i - 2*k. What is the units digit of i?
6
Suppose 2*q + 5*j = 5, q = -3*q + 5*j + 25. Suppose q*x - 6 = 2*h + 58, 5*x = 3*h + 66. What is the units digit of x?
2
Suppose -4*x + 20 = x. Suppose x*o = 18 + 142. What is the units digit of o?
0
Let n(q) be the third derivative of -q**7/5040 + 13*q**6/720 - q**5/60 + 2*q**2. Let y(c) be the third derivative of n(c). What is the units digit of y(8)?
5
Let h = 20 + 5. Suppose -k + 2*s + 1 + 10 = 0, -h = -3*k + 2*s. What is the units digit of k?
7
What is the units digit of (62 - 1) + (-5)/((-15)/9)?
4
Suppose -3*g + 546 = 4*n, -3*g + 5*n + 211 = -308. What is the tens digit of g?
7
Let k = 27 - -95. What is the hundreds digit of k?
1
Let k be (-174)/(-11) + 34/187. Suppose -10 - 4 = 2*s. Let n = s + k. What is the units digit of n?
9
Let z(t) = 2*t**2 + 8*t. Let h be z(-6). Suppose 3*m = 2*k - 17, 4*m + k + h = 4*k. What is the units digit of (-2)/(-3) - 7/m?
3
What is the tens digit of (-2)/((-6)/3) + 39?
4
Suppose -4*o + 0*g - 4*g + 16 = 0, 16 = 4*o - 2*g. Suppose 3*a - 36 = 2*l + 30, -o*a - 5*l = -65. What is the tens digit of a?
2
Let i be 15*(2 + (-16)/10). Let m(d) = -2*d**3 + 12*d**2 + 3. What is the units digit of m(i)?
3
Let y(j) = -3*j**2 - 2*j - 2*j - 2 - j**3 + 1 - 2. What is the units digit of y(-3)?
9
Let n = 2 - -10. Suppose -2*u - 2*g - n = -3*u, 0 = -u + 4*g + 22. Suppose u*c = -3*o + 7, -o = 2*o - c - 10. What is the units digit of o?
3
Let y = 5 + -10. Let l = -4 - y. Let g = l - 0. What is the units digit of g?
1
Let q be (-1)/(-4) + (-30)/(-8). Let w be q/(3 - 4) + 0. What is the units digit of (w/6)/(3/(-45))?
0
What is the hundreds digit of -29 + 31 - (-228 + -1 + 2)?
2
Let n(s) = 5*s**2 - 13*s - 12. What is the tens digit of n(-5)?
7
Let f(l) = 16*l + 1. Let g be f(2). Suppose g - 3 = 3*b. What is the units digit of b?
0
Suppose -4*u = -3*u. Let m(i) = i. Let g(c) = 9. Let x(b) = g(b) + m(b). What is the units digit of x(u)?
9
Let b = -7 - -5. Let x be 0/(2/(-4 - b)). Suppose x = 3*o - w - w - 63, 0 = 4*o - 4*w - 88. What is the units digit of o?
9
Suppose -4*a + 12 = 0, 3*y - 4*a + a = -3. Let l = y + -1. What is the units digit of l?
1
Let m(z) = -1 + z**3 + 2*z**2 - z - 1 - 2*z**3 + 3*z**2. What is the units digit of m(4)?
0
Suppose k - 6*k + 4*b + 40 = 0, -3*b = 3*k - 51. Suppose -t - 24 = -4*i, -2*i - 2*i = 2*t - k. Suppose -i*y + 14 - 4 = 0. What is the units digit of y?
2
Let a = -37 - -168. What is the hundreds digit of a?
1
Let r(c) = 2*c**2 - 4*c - 4. What is the tens digit of r(-6)?
9
Let t(w) = -2*w - 3. Let q be t(-6). Let b(x) be the first derivative of x**4/4 - 10*x**3/3 + 9*x**2/2 + x + 2. What is the units digit of b(q)?
1
What is the hundreds digit of 0 - ((-1710)/6 - -4)?
2
Let t = 46 + -41. What is the units digit of t?
5
Let c = -19 + 36. What is the tens digit of c?
1
Let o(h) = 36*h**3 - 2*h**2 - 3*h + 4. What is the tens digit of o(1)?
3
Let z(j) = 5*j. Let y be z(2). Let o be (0/3 - 3) + -5. Let w = o + y. What is the units digit of w?
2
Let x be 2/5 - (-78)/5. Suppose -3*j + x = -14. What is the tens digit of j?
1
Let v be (-4)/10 + (-248)/(-20). Suppose -x = -2*k - 2 - v, -14 = x + 5*k. What is the units digit of x?
6
Let x(d) = -d + 248. What is the tens digit of x(0)?
4
Let j = 258 - 152. What is the hundreds digit of j?
1
What is the units digit of (-201)/((-1)/(-2*2/(-4)))?
1
Suppose b - 8 = -2*o, -2*o + 5*o + 9 = 0. Suppose 0*f - b = -f. Suppose 59 = 5*u + f. What is the units digit of u?
9
Let z = -7 + 12. Suppose 31 - 1 = 2*l + z*s, -3*s = l - 16. What is the units digit of l?
0
Let j = 19 + -11. What is the units digit of j?
8
Let z(q) = 4 - 5*q + 4*q**2 + 2*q**3 - q**3 + 0. Let m = -12 + 7. What is the units digit of z(m)?
4
Suppose 4*k = -4*y + 296, -7*y + 4*y - 2*k = -223. What is the tens digit of y?
7
Let k = 1 + 1. Suppose -k*z = -z - 3. What is the units digit of z?
3
Suppose -5*g + 505 = -200. What is the hundreds digit of g?
1
Let p(f) = 2*f**2 - 11*f + 5. What is the units digit of p(6)?
1
Let a(o) = o**2. Let p(h) = 2*h**2 - h + 1. Let m(y) = -7*a(y) + 4*p(y). Suppose 5*s = -13 + 28. What is the units digit of m(s)?
1
Let y(n) = 87*n**2 + n - 2. Let g be y(1). Suppose -g - 14 = -5*o. What is the tens digit of o?
2
Suppose 7*l - 1625 = -6*l. What is the tens digit of l?
2
Let v = 68 - -210. What is the hundreds digit of v?
2
Let x = -16 - -20. Suppose x*q - 68 = 80. What is the tens digit of q?
3
Suppose y + 118 = 2*y. What is the tens digit of y?
1
Let h = 2 - 2. Suppose h = 3*x + x. Suppose -s - w = 2*s - 1, -s + 5*w + 27 = x. What is the units digit of s?
2
Let i = 20 + -85. What is the units digit of i/(-7) + (-6)/21?
9
Suppose -2*s = -2*t + 59 + 1, -4*t - 3*s = -120. Let g = t - 16. What is the tens digit of g?
1
Suppose -5*o = 4*m - 849, 511 = 3*o - 2*m + 4*m. What is the tens digit of o?
7
Let x(l) = -5*l**3 + 8*l**2 - 7*l - 5. Let z(a) = a**3 - a**2 + a + 1. Let u(v) = -x(v) - 6*z(v). What is the units digit of u(-3)?
5
Let l(g) = 3*g**2 + 4*g + 4. Let c be l(-4). Suppose 5*a - 19 - c = 0. What is the tens digit of a?
1
Suppose 0 = -3*v + 6 + 9. Suppose w - 21 = -v. What is the units digit of w?
6
Suppose 11*p + 98 = 12*p. What is the tens digit of p?
9
Let m(f) be the second derivative of f**3/3 - 3*f**2 - f. What is the units digit of m(8)?
0
Let l be ((-12)/(-14))/((-1)/(-7)). Let v(b) = b - 1. What is the units digit of v(l)?
5
Let t(d) = 1 + 5*d + 0 - 2 - 2. What is the units digit of t(5)?
2
Let m(n) = 2*n**2 + 4*n + 4. What is the units digit of m(-3)?
0
Suppose -3*r = r - 8. Suppose 0 = -4*i + r*t + 48, 3*t + 6 + 6 = 0. What is the units digit of i?
0
Suppose 6 = -3*j + 5*h - 4, -4*h = -j - 8. Suppose j = v - 29 - 9. What is the tens digit of v?
3
Suppose 2*z - 8 = -2*f, f = -z + 5*f - 6. Suppose -10 + 2 = -z*u. Suppose -u*n - 50 = -9*n. What is the tens digit of n?
1
What is the units digit of (-76)/(-2 + 1 + (1 - 1))?
6
What is the units digit of 1398/30 + ((-14)/(-10) - 1)?
7
Suppose -3*a + 5*q + 281 = 4*q, 3*a + 3*q - 273 = 0. What is the units digit of a?
3
Suppose 4 = -3*w + m, -5*w + 5*m - 10 - 10 = 0. Let t(u) = 4*u + u**2 + 9 + 2*u + w*u. What is the units digit of t(-6)?
9
Let n(b) = -b**3 - 4*b**2 - 4. Let q be n(-4). Let i = q + 6. What is the units digit of i?
2
What is the tens digit of 252 + (-6 - (-6 - (-1 + -1)))?
5
What is the units digit of (-139)/(-3) + (-11)/33?
6
Let u = -22 + 48. Let x = u - 13. What is the units digit of x?
3
Let x(b) = -b**3 + 11*b**2 + 12*b - 15. What is the units digit of x(9)?
5
Let k(w) = -115*w + 3. What is the hundreds digit of k(-2)?
2
Let q = -2 - -7. Suppose p - 4*j - 15 = -j, -39 = -p - q*j. What is the tens digit of p?
